49 composite?
True
Is 13114459 composite?
True
Is 830549 a prime number?
True
Is 47667343 prime?
True
Is 79961 a prime number?
False
Is 4713323 composite?
False
Is 1131433 prime?
False
Is 42799 a composite number?
True
Is 2337542 a composite number?
True
Is 16311634 a composite number?
True
Is 4210417 a composite number?
True
Is 22974517 prime?
True
Is 83378777 composite?
False
Is 14947453 composite?
False
Is 190089769 a prime number?
True
Is 12404351 a composite number?
True
Is 1405087 a composite number?
False
Is 6195527 prime?
False
Is 1400353 prime?
True
Is 597691 composite?
True
Is 13944503 composite?
False
Is 366259 a composite number?
False
Is 3617527 a prime number?
False
Is 438169 composite?
False
Is 562036219 composite?
False
Is 471850771 prime?
False
Is 3863183 composite?
False
Is 4707451 a composite number?
True
Is 259270031 a composite number?
False
Is 167281 a prime number?
False
Is 43591537 a composite number?
True
Is 500921 a composite number?
False
Is 1513859 a composite number?
False
Is 41732591 a composite number?
False
Is 90169 composite?
True
Is 3495083 prime?
False
Is 2225263 a composite number?
False
Is 833977 a prime number?
True
Is 55508477 a composite number?
True
Is 3145771 prime?
True
Is 6334329 a prime number?
False
Is 504229259 a composite number?
True
Is 9808241 composite?
True
Is 53309 a prime number?
True
Is 121258547 composite?
False
Is 1861841 composite?
True
Is 59504213 composite?
True
Is 1450589 a composite number?
True
Is 728879 a prime number?
False
Is 7978099 a composite number?
False
Is 642667 prime?
False
Is 838997 prime?
False
Is 124308985 a composite number?
True
Is 10935247 a prime number?
False
Is 354332053 a composite number?
False
Is 398903 a composite number?
False
Is 875989 prime?
False
Is 9596707 composite?
False
Is 113646083 a prime number?
True
Is 41420377 a prime number?
True
Is 52765777 a prime number?
False
Is 949111 prime?
True
Is 68197 composite?
True
Is 3434813 prime?
True
Is 242937023 a prime number?
False
Is 46210069 composite?
True
Is 9294179 a prime number?
True
Is 1782361 a prime number?
False
Is 93855561 a composite number?
True
Is 268328197 composite?
False
Is 31271921 prime?
True
Is 29430209 a composite number?
True
Is 8892577 a prime number?
True
Is 2402749 composite?
True
Is 20050601 a prime number?
True
Is 629569 prime?
True
Is 91381133 a composite number?
True
Is 21906949 a prime number?
True
Is 78285289 prime?
False
Is 1312319 a prime number?
True
Is 57644287 a prime number?
False
Is 4346819 a prime number?
True
Is 3706491 prime?
False
Is 156119 a composite number?
False
Is 5160383 composite?
True
Is 49944989 prime?
False
Is 10161209 a prime number?
True
Is 344417537 composite?
True
Is 3702767 a prime number?
False
Is 1565783 a prime number?
False
Is 198342611 composite?
False
Is 3510151 prime?
True
Is 267959 a prime number?
True
Is 121629379 prime?
True
Is 4409849 composite?
False
Is 11866978 prime?
False
Is 822819869 a prime number?
False
Is 4021579 a prime number?
True
Is 545552897 composite?
False
Is 61758811 composite?
False
Is 47934571 composite?
False
Is 308220127 a composite number?
False
Is 429042167 composite?
True
Is 8832459 prime?
False
Is 571093 composite?
False
Is 218455183 composite?
True
Is 276807099 a composite number?
True
Is 854873 a prime number?
False
Is 1173383 a composite number?
True
Is 922699 prime?
True
Is 11661389 composite?
True
Is 53793349 a composite number?
False
Is 519640505 composite?
True
Is 38821457 a composite number?
True
Is 24634871 prime?
False
Is 3843871 a prime number?
False
Is 117629201 composite?
False
Is 18821669 a prime number?
False
Is 434537 composite?
True
Is 85684021 prime?
False
Is 20597803 a composite number?
False
Is 87707189 composite?
True
Is 27861433 a prime number?
True
Is 51917891 a prime number?
True
Is 1188003 prime?
False
Is 73478441 composite?
False
Is 7693909 a composite number?
False
Is 377071 composite?
False
Is 676537 a prime number?
False
Is 22718849 prime?
True
Is 2023727 a prime number?
True
Is 20376431 prime?
False
Is 9024593 prime?
True
Is 35110709 prime?
True
Is 327662891 a composite number?
False
Is 25522877 prime?
True
Is 9324559 a prime number?
True
Is 41895443 a prime number?
False
Is 99462157 prime?
True
Is 291145457 composite?
True
Is 1785521 prime?
False
Is 40361267 a composite number?
False
Is 28224881 composite?
False
Is 596003909 a prime number?
True
Is 14581841 composite?
False
Is 5134963 a composite number?
True
Is 1226928527 a composite number?
True
Is 12389239 a prime number?
True
Is 325921 a composite number?
False
Is 48518377 a composite number?
False
Is 3497519 prime?
True
Is 1867031 a prime number?
False
Is 16706243 a composite number?
False
Is 713498 a composite number?
True
Is 275986547 prime?
False
Is 17277107 a prime number?
False
Is 10490881 prime?
True
Is 31822187 a prime number?
True
Is 592199 a prime number?
True
Is 67540469 a prime number?
True
Is 3054041 a composite number?
True
Is 2367637 prime?
False
Is 26064743 prime?
False
Is 4820173 a composite number?
False
Is 498989 prime?
True
Is 49258477 prime?
True
Is 46939309 composite?
True
Is 366094954 a composite number?
True
Is 16905169 prime?
False
Is 643619 composite?
False
Is 30431 a composite number?
False
Is 347903041 composite?
False
Is 202611 composite?
True
Is 121000019 prime?
False
Is 67457791 prime?
True
Is 635281 a composite number?
True
Is 317924213 a composite number?
False
Is 747288155 composite?
True
Is 242505619 a prime number?
False
Is 33083273 a composite number?
False
Is 1112873 a composite number?
True
Is 920724295 a composite number?
True
Is 4071791 a composite number?
True
Is 5082059 a composite number?
False
Is 33957515 composite?
True
Is 39581233 composite?
False
Is 252007797 composite?
True
Is 25514023 a prime number?
False
Is 3299201 prime?
True
Is 3098891 composite?
True
Is 35974879 a composite number?
False
Is 379707547 a composite number?
False
Is 414491333 a composite number?
False
Is 80176858 composite?
True
Is 123528989 a composite number?
False
Is 4613707 a composite number?
True
Is 407118631 composite?
True
Is 4612567 prime?
False
Is 850073 prime?
False
Is 8223517 a prime number?
False
Is 24514909 a composite number?
True
Is 1091231 a prime number?
False
Is 30210733 composite?
True
Is 63555409 a prime number?
False
Is 212057 composite?
False
Is 545812961 prime?
True
Is 13653763 a composite number?
False
Is 1115011 prime?
True
Is 323898503 composite?
False
Is 13152859 a prime number?
True
Is 11215001 prime?
False
Is 10954679 prime?
True
Is 169174673 a prime number?
False
Is 270570593 a prime number?
True
Is 163918379 a composite number?
False
Is 140343341 a composite number?
True
Is 94017773 a composite number?
True
Is 4918259 a prime number?
True
Is 1587197 a prime number?
True
Is 990323 a prime number?
True
Is 232896811 a prime number?
False
Is 6113317 prime?
False
Is 29709697 a composite number?
True
Is 4730489 composite?
True
Is 1799923 prime?
True
Is 98935331 prime?
False
Is 1590041 prime?
False
Is 17786689 prime?
False
Is 17420639 a prime number?
False
Is 7034971 prime?
True
Is 5365117 composite?
True
Is 39403901 a prime number?
True
Is 723899 composite?
True
Is 64991029 composite?
False
Is 999797821 prime?
False
Is 5535427 a prime number?
True
Is 13625153 prime?
True
Is 36841477 a composite number?
False
Is 153456319 a prime number?
True
Is 4847665 a composite number?
True
Is 11064421 prime?
False
Is 9029257 a prime number?
False
Is 486600097 a prime number?
True
Is 12644119 a composite number?
False
Is 5432601 a prime number?
False
Is 2574629 a composite number?
True
Is 30289579 prime?
True
Is 41318681 a prime number?
True
Is 1679113 a composite number?
False
Is 542872263 a composite number?
True
Is 324419 prime?
True
Is 103079 a prime number?
True
Is 2623111 prime?
True
Is 131147455 prime?
False
Is 53569 composite?
False
Is 378907 a composite number?
True
Is 436337 a prime number?
False
Is 16368619 prime?
True
Is 1781393 a prime number?
True
Is 13155833 composite?
True
Is 13618927 prime?
False
Is 44153237 composite?
False
Is 4660363 prime?
False
Is 20955863 composite?
True
Is 254341723 a composite number?
False
Is 75670229 a composite number?
True
Is 6254699 a prime number?
False
I